t common divisor of 1118140 and 740?
740
Calculate the highest common divisor of 152488 and 3136.
392
What is the highest common divisor of 24653 and 554?
277
What is the highest common factor of 84334 and 1490?
298
What is the highest common factor of 3166 and 22?
2
Calculate the greatest common divisor of 3208 and 195287.
401
Calculate the highest common factor of 136 and 37366.
34
Calculate the greatest common divisor of 3968 and 41168.
496
Calculate the highest common divisor of 64 and 17344.
64
What is the highest common divisor of 56327 and 46?
23
What is the greatest common divisor of 62 and 168578?
62
What is the greatest common divisor of 16 and 551688?
8
What is the highest common factor of 420 and 496140?
60
What is the highest common factor of 5990 and 6?
2
What is the highest common divisor of 338 and 102583?
169
What is the highest common divisor of 2204 and 14732?
116
What is the highest common divisor of 6 and 237486?
6
Calculate the greatest common factor of 953 and 1.
1
What is the greatest common divisor of 1455 and 2685?
15
Calculate the greatest common divisor of 225 and 19650.
75
Calculate the highest common divisor of 334760 and 680.
40
Calculate the greatest common factor of 100 and 303000.
100
What is the greatest common factor of 213180 and 90060?
1140
What is the greatest common factor of 30 and 20350?
10
Calculate the greatest common divisor of 24975 and 225.
225
Calculate the greatest common factor of 553281 and 129.
129
Calculate the highest common factor of 119838 and 6.
6
What is the highest common divisor of 9045 and 2747?
67
Calculate the greatest common factor of 864 and 883440.
432
What is the highest common factor of 569704 and 3009?
1003
Calculate the highest common factor of 5022 and 73548.
162
Calculate the greatest common divisor of 368 and 795156.
92
What is the highest common factor of 336 and 3568?
16
What is the greatest common divisor of 11522529 and 9?
9
Calculate the greatest common divisor of 141 and 78537.
141
What is the greatest common factor of 128 and 7664?
16
Calculate the greatest common factor of 6048 and 2457.
189
Calculate the highest common divisor of 761717 and 88.
11
What is the greatest common divisor of 6633 and 115776?
603
What is the highest common divisor of 21050 and 2450?
50
What is the greatest common factor of 23871 and 1635?
327
Calculate the highest common factor of 1165 and 3535775.
1165
Calculate the highest common divisor of 2104948 and 53.
53
Calculate the greatest common factor of 1008 and 305088.
336
Calculate the highest common divisor of 22 and 3158782.
22
Calculate the highest common factor of 102 and 11880.
6
Calculate the highest common factor of 3996 and 1620.
108
Calculate the highest common divisor of 126 and 7493913.
63
What is the greatest common factor of 3377 and 11359?
307
What is the highest common divisor of 1786 and 409887?
893
Calculate the greatest common factor of 453696 and 119.
17
What is the greatest common factor of 185818 and 3286?
106
Calculate the highest common factor of 261300 and 312.
156
Calculate the highest common factor of 8604 and 171.
9
What is the highest common factor of 204 and 727362?
102
What is the greatest common factor of 45 and 9261?
9
What is the greatest common divisor of 7136 and 8728?
8
Calculate the greatest common divisor of 188989 and 17.
17
What is the greatest common factor of 19453 and 343?
49
What is the greatest common divisor of 339 and 661954?
113
What is the greatest common divisor of 41785 and 2440?
305
What is the highest common factor of 15448 and 82?
2
What is the highest common factor of 7769 and 458828?
457
Calculate the highest common divisor of 76 and 2980340.
76
What is the greatest common factor of 1749 and 2703?
159
Calculate the greatest common divisor of 16933 and 451.
41
Calculate the greatest common divisor of 8 and 4204.
4
Calculate the greatest common divisor of 33 and 54175.
11
What is the greatest common factor of 248120 and 24?
8
Calculate the greatest common divisor of 23278 and 1582.
226
What is the greatest common divisor of 56 and 145012?
28
Calculate the greatest common divisor of 159712 and 434.
434
Calculate the greatest common factor of 636691 and 11.
11
What is the highest common divisor of 17631 and 145619?
653
Calculate the greatest common factor of 211885 and 93.
31
Calculate the highest common factor of 182 and 3066.
14
What is the greatest common factor of 148750 and 238?
238
What is the greatest common factor of 305 and 1140?
5
What is the highest common divisor of 19540 and 460?
20
Calculate the greatest common divisor of 896 and 4088.
56
Calculate the greatest common factor of 19634 and 22.
2
Calculate the greatest common factor of 284641 and 37.
37
What is the highest common factor of 62 and 102703?
31
Calculate the greatest common divisor of 1246 and 269848.
178
Calculate the greatest common divisor of 1339014 and 414.
138
Calculate the greatest common divisor of 1276711 and 1.
1
What is the highest common factor of 254 and 1217422?
254
What is the highest common divisor of 10764 and 3381?
69
What is the greatest common factor of 486 and 212?
2
What is the highest common divisor of 130 and 6430?
10
What is the greatest common divisor of 22 and 45199?
11
What is the highest common factor of 16 and 310256?
16
Calculate the greatest common divisor of 574 and 32088.
14
Calculate the highest common factor of 1100 and 939290.
110
Calculate the highest common divisor of 410 and 28946.
82
Calculate the highest common factor of 38311 and 26.
13
Calculate the greatest common factor of 897 and 33879.
69
Calculate the highest common factor of 876361 and 461.
461
What is the greatest common divisor of 735 and 5572770?
735
Calculate the highest common divisor of 56088 and 288.
72
Calculate the greatest common divisor of 4835 and 5.
5
What is the highest common factor of 162 and 16398?
18
What is the highest common divisor of 10277 and 14?
1
Calculate the highest common factor of 50 and 13440.
10
Calculate the greatest common factor of 12561 and 2385.
159
What is the highest common divisor of 9495 and 957?
3
What is the highest common factor of 866 and 73177?
433
What is the greatest common divisor of 930 and 38595?
465
Calculate the greatest common factor of 68 and 94146.
34
Calculate the greatest common divisor of 6135 and 5.
5
What is the greatest common divisor of 3654 and 280287?
63
What is the highest common divisor of 14822730 and 1230?
1230
Calculate the greatest common divisor of 248704 and 3.
1
Calculate the greatest common divisor of 25116 and 36.
12
What is the greatest common factor of 15 and 16645?
5
What is the greatest common divisor of 954 and 19494?
18
Calculate the greatest common factor of 3588 and 5694.
78
What is the highest common factor of 1220 and 3140?
20
Calculate the greatest common factor of 257728 and 16.
16
Calculate the highest common factor of 1003884 and 2964.
228
What is the highest common factor of 1190490 and 30?
30
What is the greatest common divisor of 22204 and 1540?
28
What is the greatest common divisor of 25 and 749500?
25
What is the greatest common factor of 2218 and 45469?
1109
What is the greatest common divisor of 8155 and 315?
35
What is the highest common divisor of 21399 and 315?
21
What is the highest common divisor of 16919 and 91?
7
Calculate the greatest common factor of 148 and 630739.
37
Calculate the greatest common divisor of 16768 and 2882.
262
What is the greatest common factor of 144 and 13592?
8
What is the greatest common divisor of 544 and 3993436?
68
Calculate the highest common factor of 4117 and 10166.
23
Calculate the highest common factor of 171 and 308921.
19
Calculate the highest common factor of 11467540 and 5.
5
Calculate the highest common divisor of 5 and 127495.
5
What is the highest common divisor of 2924599 and 73?
73
Calculate the greatest common divisor of 350552 and 435.
29
What is the highest common factor of 55104 and 156?
12
What is the highest common divisor of 2400 and 1275?
75
Calculate the greatest common factor of 167655 and 120.
15
Calculate the highest common factor of 111 and 31.
1
Calculate the greatest common divisor of 18 and 5311584.
18
What is the greatest common divisor of 16558 and